 t = b + 20. Let q = t + -49. What is the tens digit of q?
2
Suppose 4*c + 15 - 67 = 0. Suppose 69 = 2*t - 4*f - c, 5*t - 205 = 2*f. What is the units digit of t?
1
Suppose 0 = -2*d - 2*g - 8, -5*d + g - 1 = -11. Suppose -y + d = -3. Suppose -y*v + 14 = -3*z, -v + 0*z + z = -4. What is the units digit of v?
2
Suppose -5*n - 2*z = 0, -n = -0*n - z. Suppose 21 + 49 = 5*y. Suppose a = -2*i + y, n*i - 4*i = -4*a - 4. What is the units digit of a?
4
Suppose 4*g + 5*r - 10751 = 4*r, 5*r - 13435 = -5*g. What is the tens digit of g?
8
Let p be 110/4 - 48/32. Let s = p - 48. Let d = 7 - s. What is the units digit of d?
9
Let l(p) = 49*p + 8. Let f be l(5). Let c = -98 + f. What is the tens digit of c?
5
Suppose 4*k - 305 = 7. Let s = -26 + k. What is the units digit of s?
2
Let f = 797 + -358. What is the units digit of f?
9
Let r = -312 + 904. What is the hundreds digit of r?
5
Let o be (81/36)/((-6)/(-16)). Suppose -o*r + 620 = -r. Suppose 0 = 4*n + 4*s - r, 11 = n + 5*s - 8. What is the tens digit of n?
3
Let n(t) = 2*t**3 + 51*t**2 + 3*t - 38. What is the tens digit of n(-11)?
3
Let u = 31 - 28. Suppose -u*a - 36 = -0*a. What is the tens digit of (-360)/a*2/4?
1
Let y(i) = i**2 - 6*i - 1. Let l be y(5). Let x = l + 86. Suppose -3*r - 2*r + x = 0. What is the tens digit of r?
1
Suppose -206 - 298 = -9*k. What is the tens digit of k?
5
Suppose 0 = 4*w - 0*w - 2*r - 324, -5*w = 4*r - 405. Let g = w - -12. What is the tens digit of g?
9
Let n(h) be the second derivative of 13*h**3/2 - h**2/2 + 2*h. Let l be n(-1). Let v = -18 - l. What is the units digit of v?
2
Let b = -3299 + 5018. What is the units digit of b?
9
What is the tens digit of (17 + 81035/57)*(-6)/(-4)?
5
Suppose -3*o + r + 11 = -0*o, 0 = -5*o - 5*r + 45. Suppose o*v + 2 = -3. Let l(p) = 6*p**2. What is the units digit of l(v)?
6
Suppose -4*r + 1 = -15. Let d(v) = -v + 6. Let b be d(r). Suppose -b*f + 7*f - 125 = 0. What is the units digit of f?
5
Suppose 4*d - 21 = -3*q, 4*d + 3*q = 7*d. Suppose -80 = 3*i + 5*x - 655, -985 = -5*i - d*x. What is the units digit of i?
0
Suppose -1 = r + 7. Let s be 1/(r/(-6) - 1). What is the tens digit of 7*s*8/14?
1
Let w = 13 - 5. Suppose w = 2*i - 5*o, -3*o = -o. What is the units digit of i?
4
Let m(i) = -i**3 - 3*i**2 + 4*i + 4. Let z be m(-4). Suppose 0 = 4*r + 3*d - 1732, -d + 2*d + z = 0. What is the units digit of r/16 - 9/(-12)?
8
Suppose -5 = -4*h - 9, 3*h = 3*a - 9. Let g(c) = -2*c - 3. Let w(l) = l + 1. Let k(o) = 2*g(o) + 7*w(o). What is the units digit of k(a)?
7
What is the tens digit of (8/(-3))/((-35)/2100)?
6
Suppose -3*f = f - 3*y - 787, -5*f + 3*y = -986. What is the hundreds digit of f?
1
Let l(d) = -4 - 3*d**2 + 2*d**2 - 9*d + 3*d**2. Let v be l(5). Suppose -11 = -5*j - v. What is the units digit of j?
2
Let u(p) = p. Let r be u(6). Suppose -r*z + 223 = -113. Suppose v = -3*x + 135, 0 = -2*x - 2*v + 34 + z. What is the units digit of x?
5
Suppose 3*c + 35 = -2*l + 4*c, -3*c = -l - 10. Let o(u) = -4*u + 36. What is the units digit of o(l)?
2
Suppose 3*p - 26*f = -27*f + 9455, 2*p - 6303 = -f. What is the units digit of p?
2
Let f(x) = -863*x + 19. What is the units digit of f(-1)?
2
Let a be (-139)/7 + (-4)/28. Suppose -4*m - m - 23 = n, 0 = 2*m. Let l = a - n. What is the units digit of l?
3
Let i be 25 + -3 - 1*-3. Suppose 0 = 4*r, -5*y = 4*r - 5 + i. What is the units digit of 1/(-3 - y)*17?
7
Suppose 15483 + 1765 = 32*k. What is the tens digit of k?
3
Let u = -5 - -7. Suppose 16 = -u*p - 5*h, p - h - 9 + 3 = 0. Suppose -w = t - p*w - 1, 0 = 4*t + w - 14. What is the units digit of t?
3
Let l(y) = y + 16. Let j be l(-19). What is the units digit of 1*-86*j/6?
3
Let w be 2/(1 + (-63)/57). Let m = w - -38. Let s = -5 + m. What is the units digit of s?
4
Let k(n) = 4*n + 57. Let t be k(-13). Suppose 6*o = t*o + 38. What is the units digit of o?
8
Let l = 3 + -3. Suppose l*h + 460 = 5*h. Suppose 0 = 4*s - 2*k - 92, 2*k - h = -4*s - 3*k. What is the tens digit of s?
2
Suppose 5*n - 5406 = -2*g + 5239, 5*g - 26623 = -2*n. What is the thousands digit of g?
5
Suppose -5*y = x - 27, -5*y + 5*x = x - 42. Suppose y*s = 4*s + 30. What is the units digit of s?
5
Suppose 7*s - 17 = -17. Suppose s = -q + 59 + 25. What is the tens digit of q?
8
Let w(b) = -b**3 - 4*b**2 - b - 1. Let n = -18 + 14. Let c be w(n). Suppose 5*a - 25 = -2*t, 0 = c*a - 3*t + 3 + 3. What is the units digit of a?
3
Suppose a + 1 = -6. Let b(x) = -x**3 - 7*x**2. Let p be b(a). Suppose 3 = -3*j + 5*j - 5*z, p = 5*j - z - 65. What is the units digit of j?
4
Suppose -105 = 7*k - 21. What is the units digit of (-3)/k - ((-2735)/20 + 1)?
6
Suppose -6*y = 5*y - 11. Suppose -4*h + 50 = 4*u - u, 0 = -h - y. What is the units digit of u?
8
Suppose -c - c + 13 = -5*f, f = 5*c - 21. What is the units digit of 1 + 90 - 12/c?
8
What is the units digit of (8726/(-10))/((-90)/450)?
3
Let t(d) = -2*d**2 - 4. Let y(q) = q**2 - q + 1. Let i(h) = t(h) + 3*y(h). Let b be i(7). Suppose 43 = 5*j - b. What is the units digit of j?
4
Let g(f) = -5*f - 31. Let x be g(17). Let t = -92 - x. What is the tens digit of t?
2
What is the thousands digit of (-134286)/(-30) - (-40)/50?
4
Let j be 32 - -13 - 1/(-1)*0. Suppose -j - 114 = -3*s. What is the tens digit of s?
5
What is the hundreds digit of (2/((-16)/74))/((-61)/3416)?
5
Let x(s) = 16*s**2 - 4*s + 5. What is the units digit of x(-5)?
5
Let c = 118 + 116. Suppose -8*y + 2*y = -c. What is the units digit of y?
9
What is the units digit of (0 - 28)/((-36)/774)?
2
Suppose -42 = 5*k + 2*m, 0 = -k - 3*k - m - 36. Suppose 0 = 2*t - 2 + 52. Let z = k - t. What is the units digit of z?
5
Let h be (-7)/14*-2*25. Suppose 3*c - h = -l + 26, 0 = l. What is the units digit of c?
7
Let z(h) = -h**3 - 17*h**2 + 18*h - 23. Let l be z(-18). Let r = 30 + l. What is the units digit of r?
7
Suppose 2*l - 7*l = 4*t - 2338, l - 5*t = 485. What is the hundreds digit of (l/3)/5*27/6?
1
Suppose 3*y = -2*h + 64, -3*y + 4*h = -76 + 6. What is the tens digit of y?
2
Let i be (-19 - -3)*(-2)/4. Suppose -2*y + 4*c = 4 - 2, -c = 2*y - i. What is the units digit of -1 - (y - 5) - -21?
2
Let d(w) = 14*w + 10. Let p be d(6). Let y = p + -54. What is the tens digit of y?
4
What is the units digit of 40404/21 + (0 + 15)/(-3)?
9
Suppose -3*d + 2981 - 1076 = -q, -d + 645 = 3*q. What is the hundreds digit of d?
6
Let t(y) = y**2 - 13*y + 5. Let u be t(13). Suppose 4*w + 170 = -u*l, 2*l = 2*w - 6*w - 56. Let k = -17 - l. What is the units digit of k?
1
Let n be 6/1*(-3)/((-18)/(-4)). Let k(y) = 4*y + 2. Let x be k(4). What is the tens digit of (-292)/(-18) + n/x?
1
Let s(r) = -r**3 - 5*r**2 - 3. Let v be s(-5). Let t be (-9)/2*(-2)/v. What is the units digit of 4 - (t + 4 - 4)?
7
What is the units digit of 6 - (-15)/(-3) - -393?
4
Let i = 5 - -5. Suppose -f = 5*b - i - 57, 0 = -4*f - 2*b + 268. Let y = f - 41. What is the tens digit of y?
2
Let c = -3 + 6. Let o(v) = -v**3 - 7*v**2 - 5*v + 10. Let z be o(-6). Suppose 60 = y + 5*t + 19, -c*y = z*t - 79. What is the tens digit of y?
2
Let g(r) = -r**3 - 3*r**2 + 15*r - 3. Suppose 0 = 15*n - 17*n - 12. What is the tens digit of g(n)?
1
Let l be (0 - -9)*(3 - 2). Let o(i) = -i + 9. Let b be o(l). What is the tens digit of 30 - b - 3*1?
2
Let l(h) = 3*h**3 - h + 1. Let w be l(1). Suppose -v + 6 = 4*i - 2*i, -2*v = 3*i - 12. Suppose 0 = -k + w + v. What is the units digit of k?
9
What is the thousands digit of 10520/5 - (0 + -3 - -9)?
2
Let j(w) = 8*w**2 - 41*w + 15. What is the thousands digit of j(16)?
1
Let j = -793 - -1850. What is the thousands digit of j?
1
Let s(m) = -6*m**2 - m - 9. Let f(c) = 12*c**2 + 3*c + 19. Let u(j) = -4*f(j) - 9*s(j). What is the tens digit of u(5)?
4
What is the tens digit of (4 - -6)*(-258)/(-4)?
4
Let h be (-2)/(-4) - (-6)/4. Suppose -h*b = 2*a - 36, 3*a - 3 = -9. Suppose -p = 4*p - b. What is the units digit of p?
4
Let t = 1829 + 967. What is the units digit of t?
6
Suppose -655 = -11*m + 6*m. Let z = m + -90. What is the units digit of z?
1
Suppose 626 = 5*l + j - 57, -2*l = -j - 276. Let b = -93 + l. What is the units digit of b?
4
Suppose -5*v = -2827 + 667. Suppose 4*x + 3*s = 443, 4*x - s + 9 = v. Suppose -122 = -2*z + 4*f, 6*z - 4*z + f - x = 0. What is the tens digit of z?
5
Let h(c) be the fi